. Suppose 4*s + 4*l - 1940 = -n*l, -2409 = -5*s - l. Is s a prime number?
False
Let j(h) = 46277*h**3 - 5*h**2 - 15*h + 44. Let w be j(4). Suppose w - 819657 = 55*d. Is d composite?
True
Suppose 160*t = -215*t + 137*t + 45012226. Is t a prime number?
True
Suppose -2*o = -4*o + 2. Is (958*o)/(118/767) composite?
True
Suppose 2*u - 30*y = -29*y + 179836, 2*u = -5*y + 179812. Suppose 0 = -32*q - u + 344668. Is q a composite number?
True
Suppose -1460 = -3*j + 5*g, 2*j + 2460 = 7*j + 5*g. Let a = j + -131. Suppose a + 514 = 3*r. Is r composite?
True
Let y(l) be the second derivative of -2*l**3/3 + 19529*l**2/2 - 12*l - 12. Is y(0) prime?
False
Let a(o) = -2*o + 36. Let m be a(17). Is (-1)/(-4 + 9/m) + 543 a composite number?
False
Suppose 22*q - 18 = 16*q. Let r be (q/(-9))/(8/1272). Let f = 626 + r. Is f composite?
True
Let w be (-3)/(-8) + 84/32. Suppose 3*q + 3234 = w*n, 3*n - 2091 = -3*q + 1113. Is n a prime number?
False
Let b(p) = -4*p - 21. Let z be b(-9). Suppose 21*c - 22*c - z = 0. Let r(o) = -22*o + 29. Is r(c) a composite number?
False
Let a(t) = -2*t**3 + 4*t**2 - 6*t - 5. Let q = 151 - 231. Let h = q - -73. Is a(h) a prime number?
True
Suppose 147*s = 138*s - 3132. Let m = 4291 + s. Is m composite?
False
Let u = 34 + -31. Let j(y) = -19*y + 15*y - 5 - 8*y**2 - y**u + 9*y + 0*y**2. Is j(-11) a composite number?
True
Suppose 21 = -2*f + 17. Is 1/((f/(-6))/((-42551)/(-51))) prime?
True
Suppose -102*l = 121*l - 197384659. Is l a prime number?
True
Let j be (-20)/(-12) - 6/9. Let v be 4/j*12/16. Is (-11829)/2*(-1 + 1/v) prime?
True
Let p = 9938 - -5918. Suppose 6*q - 5918 - p = 0. Is q composite?
True
Let g be (5*(-11)/220)/(2/(-88)). Suppose 13*h - g*h = -4, 3*a + 5*h - 23969 = 0. Is a prime?
True
Let y(m) = -27862*m + 1481. Is y(-3) a composite number?
True
Suppose 2*h = 12*h - 20. Suppose 4*y + 29740 = 4*q, -h*q + 14872 = -3*y - 0*y. Is q composite?
False
Suppose -36968 = 9*w - 11*w - 3*t, 5*t + 36952 = 2*w. Is w prime?
True
Let d(l) = 2*l**2 - 6*l - 9. Let v be d(8). Let c = v - -220. Is c/5*(6 - 1) prime?
False
Suppose 0 = -4*z - v + 5116857 + 982132, 7*v = 63. Is z prime?
False
Let b = 21 - 80. Let h = 527 + b. Suppose 0 = 2*o - 3*p - 1829, 2*o - h = p + 1351. Is o a composite number?
False
Suppose 0 = -49*p + 47*p + 10442. Suppose n = 1, -n + p = l + 4*l. Suppose -8*q + l + 116 = 0. Is q a composite number?
True
Let k(h) = h**3 - 5*h**2 + 13*h. Let c(g) = 2*g**3 - 9*g**2 + 27*g + 1. Let x(z) = -3*c(z) + 7*k(z). Let q be x(7). Suppose -y + 203 = -q. Is y prime?
False
Is 1*2*(90616540/(-8))/(-35) a prime number?
True
Let s be (-1)/(-4) + (-3010)/(-56). Suppose 438466 - 180184 = s*p. Is p prime?
True
Let y(q) = 59*q**2 + 22*q - 789. Is y(-16) prime?
True
Let s be (-74)/4 - (-2)/4. Let r(d) = -7*d**3 - 13*d**2 - 16*d + 53. Is r(s) prime?
False
Let w be (-5)/(25/(-35)) + (-45)/9. Suppose -5*p + 13714 = w*y + 5741, -2 = 2*p. Is y a prime number?
True
Let q = -9431 - -16842. Is q a composite number?
False
Suppose -13 = -2*p + 5*p + 5*d, -2*p = -4*d - 28. Is (-47265)/(-9) + 10 - p/6 composite?
False
Let r(p) = 7*p**2 - 8*p + 27. Let k be -20 + (-19)/((-114)/36). Is r(k) composite?
False
Let n = 845192 - 134571. Is n prime?
True
Suppose -c - 808790 + 76598 = -5*z, 0 = -2*z - c + 292867. Is z a composite number?
False
Let k(i) = i**3 + 13*i**2 - 30*i - 3. Let b be k(-15). Is 176/(-132) + b/((-9)/113383) composite?
True
Let o(d) be the third derivative of 7*d**6/40 - d**5/10 + d**4/12 + d**3/2 + 3*d**2. Let s be (((-10)/(-15))/1)/(3/18). Is o(s) prime?
True
Let g = -307 - -214. Let l = 506 + g. Is l a prime number?
False
Let h be (-4)/(-14) - (-4)/((-112)/(-76)). Suppose 3*v - 4920 = 3*l, -3286 = -2*v + h*l + l. Is v a prime number?
True
Let x = 349011 - 215558. Is x composite?
True
Let g = -1442 - -540. Let m = -623 - g. Suppose -4*r = m - 1283. Is r a composite number?
False
Let x(j) = 2*j + 22. Let r be x(-10). Suppose 0 = 4*d + 3*o - 32, -4*d + r*o = -3*d + 3. Let n(u) = 14*u**2 + 8*u - 17. Is n(d) a prime number?
True
Is ((-261)/24*(-15828)/18)/((-1)/(-4)) a composite number?
True
Suppose -2*h = -10, -h + 19 = -2*l + 4*l. Suppose 4*z - 6024 = 2*r, 2*z - 412 - 2584 = -3*r. Suppose -l*v + 645 = -z. Is v a prime number?
True
Let a(v) = -v**3 - 13*v**2 - 81*v + 29. Is a(-34) a prime number?
True
Suppose 3*w - 6*w + 9 = 0. Suppose -4*a - 3*t + 111 = 0, -66 = -a + w*t - 27. Is a/(-2)*1807/(-39) a composite number?
True
Suppose 5*p + 2538330 = 5*t, -12*p - 1015307 = -10*p + 3*t. Is 6/45 + p/(-105) a composite number?
True
Let x = -805 + 820. Suppose -12062 = -x*a + 314713. Is a prime?
False
Let s(l) = 5*l**3 + 4*l**2 - l - 17. Let j(d) = 3*d**3 + 2*d**2 - 8. Let h(z) = -5*j(z) + 2*s(z). Let m be h(2). Let u = 57 + m. Is u a composite number?
False
Let n be 2 + 3 + (-4 - (-1 - 2)). Suppose 5887 = n*u + f, 4398 = 3*u - 0*u - 5*f. Is u a composite number?
False
Let x(p) = 388*p - 4. Let q be x(-3). Let u be -6 + 4 - (-175)/(-1). Let b = u - q. Is b a composite number?
False
Let f(o) = o**2 - 98*o + 1239. Let x be f(83). Let v(t) be the first derivative of -211*t**2 - 37*t - 1. Is v(x) composite?
True
Suppose 0 = -3*v - v. Suppose v*c - 5*u = 2*c - 175, -250 = -3*c + 5*u. Suppose 3*m = 4*x + 357, 3*x + 322 = 2*m + c. Is m prime?
False
Suppose -5*u + 2446704 = 204109. Is u a composite number?
False
Let n = 46 - -260. Let t = n + 4253. Is t a prime number?
False
Suppose -2*r + 40656 = -5*f, 81*r - 5*f + 101605 = 86*r. Is r composite?
False
Suppose -10*p = 2503 + 21297. Let l = 5087 + p. Is l a prime number?
True
Let c(b) = 35*b - 17. Let o be c(7). Suppose -9*s - o = -2163. Suppose 8*g = 3*g + s. Is g prime?
True
Let a = 350 + -50. Suppose 6*x + a = -6*x. Let l = x + 440. Is l composite?
True
Let r be 24495/6 + -2 - (-1)/(-2). Suppose 0 = 3*w - 3*a - r, 6*w - 3*a - 6792 = w. Let d = w - 814. Is d composite?
True
Suppose -y + 7 = -2*v + 10, 0 = y + 3*v - 12. Suppose 0 = 5*u - 5*h - 4800, 1230 + 1634 = y*u + 5*h. Is u composite?
True
Is 72617 + 13/(13/(-4)) a composite number?
False
Let y = 40006 - 16869. Is y composite?
True
Let d(k) = 294*k + 7. Suppose 0 = 2*u - 5*i + 24 + 11, 0 = -3*i + 15. Let y be (u/10)/(1/(-46)). Is d(y) composite?
True
Let p = 147176 + -43263. Is p a prime number?
True
Is (12144468/63)/(4*(-3)/(-9)) composite?
False
Let j be (-4 - -6)*(4 - -2787). Is (j - (5 + -4)) + -2 a prime number?
False
Let h be (-790)/6 + 1/((-9)/(-6)). Let i = h + 121. Is (-171072)/(-90) - 2/i a prime number?
True
Suppose -16*r + 196 = 33*r. Let f(g) = 100*g**3 - 5*g**2 + 6. Is f(r) a composite number?
True
Is 687406272/1008*(-6)/(-8) prime?
True
Let k(j) = j**3 + 155*j**2 + 1486*j - 23. Is k(-53) a composite number?
True
Let i(j) = 32*j**3 + 3*j**2 - 6*j - 17. Let s be i(4). Suppose s = m - 2852. Is m prime?
False
Let l(v) = -731*v + 48. Let b be l(3). Is (-7 + b/44)/(2/(-8)) a prime number?
True
Suppose -4*d + 3*c + 1143477 = -2813192, 0 = -4*d - 4*c + 3956704. Is d a composite number?
False
Let q(a) = a**3 - 7*a**2 + 5*a + 12. Let l be q(6). Suppose l*p = 11*p. Suppose -258 = -4*r - 2*i, -2*i + p*i + 191 = 3*r. Is r a composite number?
False
Suppose 2*f - 2*h = 22, 5*h + 42 = 4*f - 7. Suppose f*g - 1398 = 10974. Is g composite?
True
Let b be 42/(-105) - 454054/(-10). Suppose 0 = -13*d + 10*d + 4*j + 34049, -b = -4*d - j. Is d prime?
True
Let d = 146825 + -80908. Is d a composite number?
True
Let w(i) = -2499*i - 73. Is w(-6) a prime number?
False
Let t be (2*(-2)/8)/((-11)/22). Is (-2)/t - (10 + -51579) a prime number?
False
Let g = -152600 + 362527. Is g a prime number?
True
Suppose 0 = g - s + 1121 - 16728, 78011 = 5*g + 3*s. Suppose 12*z - 8*z - g = 0. Is z a prime number?
False
Let c be 0 + (-3)/(-2)*-2. Suppose 0 = -7*o + 41 + 5335. Is o - (-1)/c*3 composite?
True
Let k = 88547 - 17752. Is k composite?
True
Let m(s) = -329*s + 38. Suppose 13*t - 18 = 15*t. Is m(t) prime?
True
Suppose -5*h = 3*z - 269, 9*h - 4*h - 248 = 4*z. Let s be 4*2/h + (-2023)/221. Let v(a) = 21*a**2 - 7*a - 19. Is v(s) a prime number?
False
Suppose -2343*o + 284453 = -2330*o. Is o composite?
False
Suppose 0 = -4*v, -364*z + 361*z + 68883 = -5*v. Is z a composite number?
False
Let t = 0 + 4. Suppose 1480 = t*r - z, -2*r + 730 = -0*r + 2*z. Suppose 112 = -j + r. Is j pr